e k(9).
-95
Let w(r) = 12*r + 192. Calculate w(-16).
0
Let r(q) = 3*q**2 - 10*q - 6. Calculate r(5).
19
Let h(m) = m**2 - 16*m + 20. Calculate h(14).
-8
Let f(v) = v**2 + 17*v + 18. Give f(-16).
2
Let m(h) = 2*h + 4. Calculate m(0).
4
Let w(h) = -16*h**3 - 2*h**2 + 1. Give w(-1).
15
Let c(y) = y**2 - 10*y + 13. What is c(9)?
4
Let o(k) = -k**3 + 9*k**2 + 6*k - 10. Give o(9).
44
Let c(m) = m**3 + 8*m**2 + 3*m - 4. Calculate c(-7).
24
Let y(d) = 9*d - 17. Determine y(2).
1
Let q(o) = o**2 - 48*o - 2. What is q(48)?
-2
Let k(z) = 31*z**3 + z. Give k(1).
32
Let u(x) = -x**2 + x + 7. Calculate u(2).
5
Let g(d) = -d**3 - 7*d**2 + 6*d - 11. Calculate g(-8).
5
Let p(k) = k**2 - 5*k + 1. Give p(6).
7
Let j(i) = 2*i**3 + 7*i**2 - 4*i + 6. Calculate j(-4).
6
Let u(z) = z**3 - 6*z**2 - 3*z - 30. Determine u(6).
-48
Let d(m) = -m**2 + 11*m - 19. Determine d(14).
-61
Let x(s) = s**3 - 4*s**2 - 5. Calculate x(3).
-14
Let r(d) = d**2 - 14*d + 8. Determine r(5).
-37
Let t(n) = -n**3 - 2*n**2 + 6*n + 7. What is t(-4)?
15
Let d(b) = 4*b**2 + 17*b + 5. Calculate d(-6).
47
Let w(l) = 11*l**3 - 2*l**2 - 2*l - 1. Determine w(-1).
-12
Let u(t) = -2*t**2 - 11*t - 2. What is u(-5)?
3
Let k(i) = -2*i**2 + i - 1. What is k(2)?
-7
Let k(r) = 3*r**2 + 5*r + 1. Determine k(-2).
3
Let s(v) = -v**3 - 10*v + 10. Determine s(1).
-1
Let i(d) = d - 14. Determine i(16).
2
Let u(f) = 9*f + 4. What is u(2)?
22
Let q(t) = -3*t**2 + 18. Give q(3).
-9
Let h(z) = -z**2 + 34*z - 153. What is h(29)?
-8
Let g(k) = 6*k**3 + k - 1. Determine g(1).
6
Let n(b) = -b**2 + 4*b + 9. Give n(7).
-12
Let u(o) = o - 3. Give u(-14).
-17
Let s(r) = r. What is s(9)?
9
Let x(l) = -l**3 - 7*l**2 + 11*l + 17. Give x(-8).
-7
Let o(f) = 36*f - 267. What is o(7)?
-15
Let k(s) = s**3 - 12*s**2 - 18*s + 9. What is k(13)?
-56
Let i(w) = -2*w**3 + 3*w + 3. Determine i(3).
-42
Let t(o) = -o**3 - 10*o**2 - 15*o - 12. Calculate t(-8).
-20
Let c(s) = -3*s**3 - 14*s**2 + 6*s - 8. Calculate c(-5).
-13
Let x(a) = -a**3 - a - 2. What is x(-1)?
0
Let q(b) = -3*b - 21. Give q(-6).
-3
Let i(m) = 12*m - 11. Give i(5).
49
Let p(g) = g**2 - 23*g + 10. Determine p(21).
-32
Let y(x) = -x**3 + 11*x**2 - 19*x + 8. What is y(9)?
-1
Let k(j) = -2*j + 20. Give k(0).
20
Let x(m) = -m**3 + 3*m**2 - 3*m - 1. Give x(3).
-10
Let s(g) = -g**3 + 10*g**2 - 8*g - 18. Determine s(9).
-9
Let s(q) = q**2 + 19*q - 38. What is s(-21)?
4
Let j(d) = d**2 + 13*d + 14. What is j(-11)?
-8
Let a(m) = -2*m**2 - 39*m + 29. Determine a(-21).
-34
Let o(h) = -h**3 + 8*h**2 + 4*h - 10. Calculate o(8).
22
Let l(t) = t**3 - 3*t**2 + 2*t - 2. What is l(4)?
22
Let i(d) = d**3 - 73*d**2 - 4*d + 297. Calculate i(73).
5
Let d(y) = y**3 - 7*y**2 - 4. Calculate d(7).
-4
Let h(f) = -f**2 + 3*f + 23. Determine h(8).
-17
Let d(u) = -3*u + 29. Calculate d(12).
-7
Let t(j) = 82*j - 250. What is t(3)?
-4
Let v(y) = y**2 + 6*y - 25. Give v(-9).
2
Let g(w) = 2*w**3 - 6*w**2 + 5*w + 2. What is g(4)?
54
Let s(v) = v**2 - 7*v + 3. Calculate s(6).
-3
Let l(y) = -3*y - 3. What is l(1)?
-6
Let b(c) = -7*c**2 + 5*c - 3. Determine b(-1).
-15
Let z(q) = -q**3 - 51*q**2 + 51*q - 72. What is z(-52)?
-20
Let h(c) = -c**3 - 16*c**2 + 37*c + 36. Give h(-18).
18
Let l(q) = 5*q**2 - 123*q + 64. Give l(24).
-8
Let z(b) = 2*b**3 - 4*b**2 + b + 2. Determine z(2).
4
Let i(b) = -b**3 + 6*b**2 - 6*b + 3. What is i(5)?
-2
Let x(o) = -25*o + 244. Calculate x(10).
-6
Let v(n) = -n + 5. Calculate v(-3).
8
Let n(x) = -2*x - 2. Determine n(-5).
8
Let r(y) = -y**2 - 4*y - 8. Calculate r(0).
-8
Let w(q) = 2*q**3 + 3*q**2 + 2*q + 3. Give w(-2).
-5
Let y(z) = -z**3 - 9*z**2 - 5*z + 14. Determine y(-8).
-10
Let s(t) = -2*t**3 + 23*t**2 - 11*t + 5. Give s(11).
5
Let a(x) = -41*x + 156. Calculate a(4).
-8
Let w(a) = -a**3 + 6*a**2 - 2*a - 1. Calculate w(6).
-13
Let s(t) = 2*t**3 + 12*t**2 + 11*t + 18. Determine s(-5).
13
Let n(a) = -a**3 - 5*a**2 + 4*a + 8. Determine n(-6).
20
Let r(d) = -d**3 - 6*d**2 + 10*d + 5. Calculate r(-8).
53
Let q(v) = -55*v + 721. Give q(13).
6
Let n(y) = y**3 - 4*y**2 - y + 9. Determine n(4).
5
Let g(c) = 6*c**2 + 5*c + 4. Determine g(-3).
43
Let o(r) = -r**3 + 13*r**2 + 8*r - 4. What is o(13)?
100
Let p(f) = -f**2 - 10*f - 15. What is p(-5)?
10
Let c(f) = -f**3 - 5*f**2 - 10*f - 27. Give c(-4).
-3
Let r(h) = 7*h + 15. Give r(-3).
-6
Let i(h) = 6*h + 4. Calculate i(2).
16
Let g(q) = -q**3 - q**2 - 2*q - 6. Determine g(-2).
2
Let c(h) = -h**3 + 5*h**2 + 3*h - 4. Determine c(5).
11
Let v(x) = -x**3 - 25*x**2 - 114*x - 7. Determine v(-19).
-7
Let s(d) = d**3 + 16*d**2 + 18*d + 32. Calculate s(-15).
-13
Let b(y) = -28*y**3 - 2*y + 1. Give b(1).
-29
Let y(m) = 10*m + 160. Determine y(-16).
0
Let h(k) = -k**3 - 7*k**2 - 8*k + 21. Determine h(-4).
5
Let b(r) = r**2 + 19*r + 60. What is b(-16)?
12
Let l(y) = y**3 - 6*y**2 - 8*y - 12. Give l(7).
-19
Let y(d) = -3*d - 39. Calculate y(-15).
6
Let i(p) = 2*p**3 + p**2 - 3. What is i(-3)?
-48
Let i(c) = -4*c + 4. What is i(3)?
-8
Let j(g) = -g**3 + 3*g**2 - 8*g + 32. Calculate j(3).
8
Let i(d) = 4*d**2 - 2. Determine i(-2).
14
Let w(j) = j**2 + 34*j + 50. What is w(-32)?
-14
Let t(v) = v**2 - 36*v + 121. Determine t(4).
-7
Let t(f) = -13*f - 69. What is t(-5)?
-4
Let a(g) = -g + 6. What is a(-9)?
15
Let b(y) = 6*y**2 - 32*y - 8. Give b(7).
62
Let m(j) = 2*j**3 - 16*j**2 - 2*j + 19. What is m(8)?
3
Let w(d) = d**2 - 5*d - 5. What is w(7)?
9
Let t(h) = -2*h**2 - 8*h - 12. What is t(-8)?
-76
Let s(v) = -2*v**3 + 4*v - 2. Give s(3).
-44
Let v(t) = 2*t - 11. Give v(9).
7
Let o(n) = -n**2 + 13*n + 48. What is o(16)?
0
Let b(z) = 21*z - 323. Calculate b(15).
-8
Let v(x) = x**2 - 13*x + 16. Calculate v(11).
-6
Let j(n) = 4*n + 66. Give j(-18).
-6
Let o(s) = 2*s**2 + 6*s - 6. Calculate o(-6).
30
Let g(b) = -5*b**2 - 2*b - 3. Calculate g(-1).
-6
Let p(o) = 12*o + 12. Calculate p(-8).
-84
Let t(x) = -x**3 + 5*x**2 - 2*x + 7. Determine t(6).
-41
Let i(a) = -a - 10. Determine i(3).
-13
Let n(u) = -u**3 + 3*u**2 + 2*u - 3. Give n(4).
-11
Let z(j) = 2*j**3 + 9*j**2 + 14*j + 1. Calculate z(-4).
-39
Let n(q) = -2*q**3 - q**2 + q. What is n(2)?
-18
Let v(u) = -u**2 - 18*u - 1. Determine v(-18).
-1
Let z(x) = -x**2 - 15*x - 13. Give z(-12).
23
Let l(f) = f**3 + 7*f**2 - 2*f + 41. Give l(-8).
-7
Let n(d) = -d**2 + 14*d + 14. What is n(12)?
38
Let w(a) = -2*a**2 - 16*a - 2. Calculate w(-10).
-42
Let p(d) = d**3 - 18*d**2 - 39*d - 3. Give p(20).
17
Let q(r) = r**2 + 3*r + 4. Determine q(-4).
8
Let d(a) = 13*a - 113. Calculate d(10).
17
Let q(j) = -5*j**2 - 11*j + 8. Calculate q(-3).
-4
Let c(v) = -v + 9. Determine c(12).
-3
Let h(n) = 3*n**2 + 9*n + 21. Give h(-2).
15
Let r(m) = 4*m + 4. Calculate r(-1).
0
Let d(r) = -18*r - 341. What is d(-19)?
1
Let t(n) = -3*n**2 + 59*n - 36. Determine t(19).
2
Let d(p) = p + 23. Calculate d(11).
34
Let w(g) = 28*g. What is w(-1)?
-28
Let r(w) = 10*w + 53. Give r(-8).
-27
Let d(k) = 3*k**2 + 3*k - 2. What is d(1)?
4
Let z(j) = j**2 - j + 1. Give z(6).
31
Let d(u) = -u**3 + 19*u**2 + 16*u - 29. Determine d(20).
-109
Let x(i) = 6*i - 5. Give x(6).
31
Let x(y) = y**2 + y - 1. Give x(5).
29
Let h(f) = -f + 52. Calculate h(0).
52
Let r(q) = -q**2 - 24*q + 37. Calculate r(-25).
12
Let p(h) = -h**2 - 10*h + 57. What is p(4)?
1
Let y(r) = r**3 + 2*r**2 + r - 2. Give y(-3).
-14
Let x(r) = -6*r + 125. Calculate x(21).
-1
Let f(l) = -2*l**2 - 5*l + 15. Give f(-7).
-48
Let p(v) = -3*v - 34. Determine p(0).
-34
Let j(w) = -2*w**3 + 70*w**2 + 69*w + 114. What is j(36)?
6
Let u(w) = w**2 + 14*w - 3. Calculate u(-14).
-3
Let q(h) = h**2 + 22*h - 35. What is q(-24)?
13
Let s(c) = -c**2 + 25*c - 27. What is s(24)?
-3
Let x(n) = -4*n**3 + 2*n**2 + 2. Give x(2).
-22
Let k(o) = -o**2 - 2*o + 18. Determine k(3).
3
Let l(q) = q - 8. What is l(4)?
-4
Let b(d) = -42*d + 384. Give b(9).
6
Let w(u) = -u**3 + 7*u**2 + 2*u - 7. What is w(6)?
41
Let p(w) = 10*w + 69. What is p(-7)?
-1
Let z(k) = k**2 + 14*k - 94. What is z(-19)?
1
Let d(h) = -h**3 - h**2 + 7*h - 9. Give d(2).
-7
Let u(q) = q - 23. Calculate u(5).
-18
Let j(o) = -o**3 - 12*o**2 + 17*o + 19. Calculate j(-13).
-33
Let v(l) = -l**3 - 5*l**2 - 4*l + 1. What is v(-5)?
21
Let m(x) = -x**2 + 9*x + 16. Calculate m(10).
6
Let q(m) = m**3 - m**2 - 4*m + 4. Determine q(5).
84
Let b(t) = -2*t**2 - 4*t 